rue
Suppose 517140 = 101*k - 210565. Does 112 divide k?
False
Does 51 divide ((-560)/48 - -12)/(3/58293)?
True
Let m(u) = -316*u**2 - 9*u. Let g be m(-1). Let l = -179 - g. Is 6 a factor of l?
False
Let b = 321 + -173. Suppose -40 - 16 = 2*i. Is 5 a factor of 3/(((-3)/b)/(7/i))?
False
Suppose 2*w - 3677 = 3*r, -35*r = -5*w - 32*r + 9224. Is 12 a factor of w?
False
Let v be (-250)/300 - (-3202)/12. Let h = v + -208. Is 4 a factor of h?
False
Let w be -1 + 2/(-4)*-22 + -1. Suppose y = 13 - w. Suppose -2*p + r = 3*r - 38, 0 = -y*p - 3*r + 74. Is p a multiple of 4?
False
Let l = 149 - -555. Is 11 a factor of l?
True
Suppose 2*p - 3*z + 15 = 7*p, p + 2*z = 3. Suppose 4*m - l - 1021 = 0, p*m + 2*l - 473 = 290. Is m a multiple of 17?
True
Let c = -1258 + 4231. Does 51 divide c?
False
Let s be ((-115)/35 - -3) + (-6)/(-21). Suppose 2*b + 10 = s, 4*p - p - 1105 = 5*b. Is p a multiple of 8?
True
Let g be 4/6*15/5. Suppose -73*r + 4 = -71*r. Is 20 + (g - (1 + r)) a multiple of 19?
True
Let p(q) = q**3 + 71*q**2 + 30*q - 56. Does 37 divide p(-18)?
True
Let y(p) = -354*p + 36. Let m be y(-4). Let f = m + -1028. Does 39 divide f?
False
Let u = 870 + -1495. Let g = -302 - u. Is g a multiple of 17?
True
Let w(z) = 97*z + 100*z + 28 + 98*z - 291*z. Does 20 divide w(8)?
True
Let i(p) = p**3 + 24*p**2 - 28*p + 235. Is 37 a factor of i(-21)?
True
Let a(z) be the third derivative of -z**7/840 - 23*z**6/360 - z**5/10 - 16*z**2. Let t(s) be the third derivative of a(s). Is 12 a factor of t(-14)?
False
Let t = -30 + 33. Suppose 0*u + u = t. Let f = u + 21. Is f a multiple of 6?
True
Let l = 1228 + -72. Suppose 16*a - 15*a - l = 0. Is a a multiple of 17?
True
Let l be (-65)/(-7) + 5 - 4/14. Suppose 0 = l*c - 9*c. Suppose 4*b - 335 = -5*n, 0 = n + b - c*b - 68. Does 7 divide n?
True
Suppose 421*b - 321670 = 385610. Does 5 divide b?
True
Let m = -33 - -40. Suppose -3*i - 3*d = -1698, -i - i + 5*d + 1153 = 0. Suppose -m*y = -19 - i. Does 21 divide y?
True
Let i be 3/(-6) - (-241)/2. Let p be (-9)/(-15)*5 + 3. Suppose -5*k + p*k - i = 0. Is k a multiple of 30?
True
Let b = 3397 - -4369. Does 11 divide b?
True
Let y = 368 - 213. Suppose -10*t + 165 = -y. Is 5 a factor of t?
False
Suppose 1609062 = 52*q + 222*q + 529502. Does 10 divide q?
True
Suppose 0 = -4*k - 0*k + 8, -3*j + 160 = -k. Suppose -3*g + i + 108 = 0, -g = i - 33 - 3. Let v = j - g. Does 6 divide v?
True
Suppose 0 = -z - u - 24, 0*z + 40 = -3*z + 5*u. Does 32 divide 3 - (1/5 + 14024/z)?
True
Let f be -5*(-252)/135*(-246)/(-4). Suppose 3*z - 307 = -l, -2*l - 18*z = -22*z - f. Does 59 divide l?
True
Let a(m) = 27*m**2 - 5*m - 2. Let o(i) = -2*i**2 - 8*i + 20. Let q be o(-6). Let d be a(q). Suppose -3*l = -8*l + d. Is l a multiple of 28?
False
Let i(g) = -g**2 - 23*g + 87. Does 3 divide i(-14)?
True
Let k be (1 - 26/39)*(-1 - 740). Let f = 825 + k. Is f a multiple of 7?
False
Suppose 0 = -2*h + f + 7248, 5*h - 36*f = -32*f + 18123. Is h a multiple of 16?
False
Suppose -20*c = -11*c - 12*c + 14256. Is 144 a factor of c?
True
Suppose -4*o - 4 = 4*j, 0 = 3*o - j - 3 + 2. Let i(g) = g**2 - 2*g - 6. Let h be i(o). Is 14 a factor of (3*6)/(h/(-28))?
True
Let l(n) = 1436*n**2 - 1409*n**2 - 10 + 2*n - 6. Is 51 a factor of l(-4)?
True
Let v(s) = -13*s - 22*s - 60 - 7*s. Does 41 divide v(-6)?
False
Let o(g) = g**2 + 2*g - 6. Let f be (-246)/(-10) + (-9)/15. Let w = f - 17. Is o(w) a multiple of 6?
False
Let b(p) = 549*p**2 + 123*p + 49. Is 17 a factor of b(-7)?
False
Suppose 4*y - 1332 = -3*r, 2*y + r = -3*y + 1654. Suppose -320*w = -y*w + 760. Is w a multiple of 5?
False
Suppose 0 = 2*b + 2, -6*b + 34 = -y - 7*b. Does 20 divide ((-1540)/y)/(-1 + (-7)/(-6))?
True
Suppose -5*s + 930*b - 932*b = -16657, -2*s + 4*b = -6658. Does 11 divide s?
False
Let w(n) = 116*n**3 - 2*n**2 + 2*n - 1. Let k be w(1). Let h = k + 164. Suppose 4*i - 557 - h = 2*o, 2*o + 1045 = 5*i. Does 19 divide i?
True
Suppose -2*i = 8, p + 4*i - 353 = -131. Let w = p - 226. Is w a multiple of 2?
True
Suppose -4 = 14*i - 15*i. Suppose -p = i*p - 680. Does 13 divide p?
False
Let l be -2 - 130/(-70) - (-4 + (-108)/(-28)). Suppose 0 = 3*v - 5*k - 42, -3*v + 3*k = 4*k - 24. Suppose -3*f + v*f - 210 = l. Is f a multiple of 35?
True
Let p = 418 - 402. Suppose -p*z + 1506 = -13*z. Does 17 divide z?
False
Suppose 4*p - 4*l + 5*l - 1029 = 0, 4*p - l - 1035 = 0. Suppose -z - 2*b = 178, 2*b = 5*z - 2*b + 904. Let s = z + p. Is s a multiple of 7?
False
Let b be -4*(56/84 + 374/24). Suppose 2*q = 4*q + 70. Let j = q - b. Does 6 divide j?
True
Let c(y) = 5*y**2 + 4*y + 10. Let s be ((-15)/3)/(1 - 0). Let j be c(s). Is ((-14)/35)/((-2)/j) a multiple of 5?
False
Suppose -t = -2*n - 2*t + 1317, -5*n = -2*t - 3315. Suppose 0 = 4*k - 20, -n = -17*u + 14*u + k. Is 6 a factor of u?
True
Let r = -1229 + 3068. Does 66 divide r?
False
Let y(u) = -u**3 + 7*u**2 + 5*u - 11. Let o be y(6). Let x = 21 - o. Is 10 a factor of (61 + 1)*(-17)/x?
False
Is 94 a factor of -10*1404/(-16)*-6*40/(-100)?
False
Suppose -u = -2*q + 422, -u - 5*q = 196 + 205. Let p = -120 - u. Is p a multiple of 62?
False
Let s be (-1 - 0)*(3 + -3)/(-1). Suppose c + 7 = q, s*c + 1 = -3*c - 2*q. Is (534/(-8))/c - (-1)/(-4) a multiple of 4?
False
Let i be (-920)/(-22) - 44/(-242). Is (-170)/105*-285 - (-24)/i a multiple of 11?
True
Let r(j) = -j**2 - 14*j + 18. Suppose 4*v + 64 = -w, 3*v - 5*w = -24 - 1. Let c be r(v). Suppose -7*g + 128 = -c*g. Is g a multiple of 8?
True
Suppose -16*n = 4*n - 2000. Suppose -5*z + n = -20. Does 4 divide z?
True
Let j(x) = -x**2 + x. Let b(k) = -3*k**2 + 10*k + 33. Let q(i) = -b(i) - j(i). Is 14 a factor of q(10)?
False
Let r = 3957 + 304. Is r a multiple of 12?
False
Let t(j) = 56*j**2 - 30*j + 20. Is t(3) a multiple of 39?
False
Let z = 51 - 46. Suppose 0 = f - 2, -z*r = -3*f - 60 + 11. Suppose 2*c = -v + r, 2*v = -v - c + 48. Is v even?
False
Let g = -447 - -948. Suppose 4*s = d + s - 491, -d + s + g = 0. Is 22 a factor of d?
True
Let k(q) = 3*q**3 - q**2 - 26*q + 16. Let l(z) = 6*z**3 - 3*z**2 - 51*z + 34. Let o(v) = -7*k(v) + 4*l(v). Is o(6) a multiple of 60?
True
Let k(z) = 2*z + 2. Let o(v) = -30*v - 17. Let y(p) = 21*k(p) + 3*o(p). Is 3 a factor of y(-1)?
True
Let g = -413 + 613. Let t = 10640 + -10545. Let d = g - t. Does 42 divide d?
False
Let u(d) = -138*d**3 - 6*d**2 + 9*d + 70. Is 27 a factor of u(-5)?
False
Let z(b) = -3*b + 11. Let q(o) = 2*o - 11. Let d(c) = -4*q(c) - 3*z(c). Let r be d(-8). Suppose -r*f = -4*j - 41 - 109, -j + 273 = 5*f. Is 9 a factor of f?
True
Let n = -68514 + 120486. Is n a multiple of 244?
True
Suppose 3 = 3*y + 6, -p - 3*y = 3. Suppose p = -2*g + 1 - 7, 38 = 4*u - 2*g. Is u a multiple of 2?
True
Let f be -6 - (-1 + -3) - 14. Let z = 107 - 106. Is 13 a factor of z - f*(-1 + 5)?
True
Suppose -5*y - 279 = 4*y. Let x = y + 36. Suppose -6*l = 5*g - l - 980, 0 = -3*g + x*l + 556. Does 32 divide g?
True
Suppose 7*w - 5*y + 1008 = 10*w, 0 = -4*w + y + 1321. Let p = w - 86. Is 49 a factor of p?
True
Let j(a) = -a**3 - 12*a**2 + 14*a + 4. Let k be j(-13). Let w be (-322)/2 - 1*k/3. Let l = -95 - w. Is l a multiple of 9?
True
Suppose 5*x - 3*x = 16. Suppose 2*v = 6*o - 4*o + x, 11 = o + 2*v. Is 14 a factor of 24*o/(-9)*-21?
True
Suppose 6*d - 162 = d + 4*o, -4*d - o = -138. Suppose d = -14*u + 104. Does 8 divide (14 - (-4 - -5))*u?
False
Suppose 14*v + 5*v = 3097. Let p(i) = 7*i - 3. Let q be p(12). Let k = v - q. Does 41 divide k?
True
Let k = 30697 - 14551. Is 78 a factor of k?
True
Let m(z) = -46*z + 2450. Does 13 divide m(-51)?
False
Let l(c) = c**2 + 24*c + 55. Is 7 a factor of l(-128)?
False
Suppose -5*i = 5*m - 597 - 318, -4*m + 700 = -4*i. Let s = m + -119. Is 5 a factor of s?
True
Suppose 5*f - 12 = 9*f. Does 10 divide 618*(-4 + 35/9)*f?
False
Let g = 143 + -134. Let u(h) = 7*h**2 + 7*h + 23. Does 11 divide u(g)?
False
Suppose 900 = -119*p + 123*p. Suppose p*r = 228*r - 297. Does 9 divide r?
True
Suppose i - 709 = -t, -4*t + 2103 = 3*i - 7*t. Does 5 divide i?
True
Let z = -8077 - -24588. Is z a multiple of 79?
True
Suppose -9*j + 7*j + 9 = -3*y, 0 = 3*y + 15. Is 18 a factor of -4 - ((-15)/j)/(1/(-69))?
False
Suppose 489615 - 32145 = 117*k. Does 115 divide k?
True
Suppose -5*h - 79 = 7*n - 9*n, -4*h + 2*n - 64 = 0. Does 5 divide (-86688)/(-120) 